e factors of 10703?
7, 11, 139
What are the prime factors of 1334?
2, 23, 29
List the prime factors of 1478.
2, 739
What are the prime factors of 45?
3, 5
List the prime factors of 760.
2, 5, 19
List the prime factors of 23051.
7, 37, 89
List the prime factors of 3056.
2, 191
List the prime factors of 40351.
40351
List the prime factors of 2314.
2, 13, 89
List the prime factors of 6748.
2, 7, 241
List the prime factors of 25832.
2, 3229
What are the prime factors of 153?
3, 17
List the prime factors of 978.
2, 3, 163
What are the prime factors of 1400?
2, 5, 7
What are the prime factors of 12223?
17, 719
List the prime factors of 56491.
17, 3323
List the prime factors of 598.
2, 13, 23
List the prime factors of 5625.
3, 5
What are the prime factors of 2635?
5, 17, 31
What are the prime factors of 2693?
2693
List the prime factors of 545.
5, 109
What are the prime factors of 13606?
2, 6803
List the prime factors of 2510.
2, 5, 251
List the prime factors of 9610.
2, 5, 31
What are the prime factors of 35307?
3, 3923
List the prime factors of 4899.
3, 23, 71
List the prime factors of 5697.
3, 211
What are the prime factors of 18388?
2, 4597
List the prime factors of 2706.
2, 3, 11, 41
List the prime factors of 92035.
5, 79, 233
List the prime factors of 3226.
2, 1613
List the prime factors of 1794.
2, 3, 13, 23
List the prime factors of 45369.
3, 71
List the prime factors of 4744.
2, 593
List the prime factors of 10439.
11, 13, 73
List the prime factors of 139.
139
List the prime factors of 14640.
2, 3, 5, 61
What are the prime factors of 7006?
2, 31, 113
List the prime factors of 148027.
11, 13457
List the prime factors of 31901.
19, 23, 73
What are the prime factors of 3393?
3, 13, 29
What are the prime factors of 2364?
2, 3, 197
What are the prime factors of 6505?
5, 1301
What are the prime factors of 47294?
2, 13, 17, 107
What are the prime factors of 1032?
2, 3, 43
What are the prime factors of 617?
617
What are the prime factors of 9?
3
What are the prime factors of 1212?
2, 3, 101
What are the prime factors of 568?
2, 71
What are the prime factors of 6557?
79, 83
What are the prime factors of 5149?
19, 271
List the prime factors of 8116.
2, 2029
List the prime factors of 3039.
3, 1013
List the prime factors of 5263.
19, 277
List the prime factors of 8067.
3, 2689
What are the prime factors of 10482?
2, 3, 1747
What are the prime factors of 3317?
31, 107
List the prime factors of 55758.
2, 3, 9293
List the prime factors of 3080.
2, 5, 7, 11
List the prime factors of 55092.
2, 3, 4591
List the prime factors of 815.
5, 163
What are the prime factors of 10306?
2, 5153
What are the prime factors of 29821?
11, 2711
What are the prime factors of 12430?
2, 5, 11, 113
What are the prime factors of 6396?
2, 3, 13, 41
List the prime factors of 849.
3, 283
List the prime factors of 85518.
2, 3, 4751
List the prime factors of 94964.
2, 23741
What are the prime factors of 21345?
3, 5, 1423
List the prime factors of 3569.
43, 83
What are the prime factors of 1051?
1051
List the prime factors of 8929.
8929
What are the prime factors of 2169?
3, 241
What are the prime factors of 55626?
2, 3, 73, 127
List the prime factors of 3580.
2, 5, 179
What are the prime factors of 772?
2, 193
List the prime factors of 2627.
37, 71
List the prime factors of 103755.
3, 5, 6917
What are the prime factors of 3361?
3361
What are the prime factors of 14288?
2, 19, 47
What are the prime factors of 5661?
3, 17, 37
List the prime factors of 53641.
7, 79, 97
What are the prime factors of 996?
2, 3, 83
What are the prime factors of 2134?
2, 11, 97
What are the prime factors of 2183?
37, 59
What are the prime factors of 4054?
2, 2027
List the prime factors of 69956.
2, 17489
What are the prime factors of 8861?
8861
List the prime factors of 4633.
41, 113
List the prime factors of 67467.
3, 43, 523
List the prime factors of 153436.
2, 89, 431
List the prime factors of 3.
3
What are the prime factors of 5509?
7, 787
List the prime factors of 5578.
2, 2789
What are the prime factors of 62?
2, 31
List the prime factors of 42245.
5, 7, 17, 71
What are the prime factors of 26422?
2, 11, 1201
List the prime factors of 8368.
2, 523
What are the prime factors of 130963?
7, 53, 353
List the prime factors of 91.
7, 13
List the prime factors of 25151.
7, 3593
List the prime factors of 12379.
12379
List the prime factors of 4902.
2, 3, 19, 43
List the prime factors of 33906.
2, 3, 5651
List the prime factors of 1979.
1979
List the prime factors of 22329.
3, 827
List the prime factors of 41.
41
What are the prime factors of 507?
3, 13
What are the prime factors of 4325?
5, 173
List the prime factors of 21070.
2, 5, 7, 43
What are the prime factors of 4315?
5, 863
List the prime factors of 5255.
5, 1051
List the prime factors of 6629.
7, 947
What are the prime factors of 11724?
2, 3, 977
What are the prime factors of 237?
3, 79
List the prime factors of 1256.
2, 157
List the prime factors of 11763.
3, 1307
List the prime factors of 11199.
3, 3733
List the prime factors of 18612.
2, 3, 11, 47
What are the prime factors of 1548?
2, 3, 43
What are the prime factors of 803?
11, 73
What are the prime factors of 136?
2, 17
List the prime factors of 219.
3, 73
List the prime factors of 2106.
2, 3, 13
What are the prime factors of 1567?
1567
List the prime factors of 244.
2, 61
What are the prime factors of 29590?
2, 5, 11, 269
What are the prime factors of 320?
2, 5
What are the prime factors of 2163?
3, 7, 103
List the prime factors of 3097.
19, 163
List the prime factors of 789.
3, 263
What are the prime factors of 9204?
2, 3, 13, 59
List the prime factors of 1991.
11, 181
List the prime factors of 17173.
13, 1321
List the prime factors of 523.
523
List the prime factors of 2988.
2, 3, 83
What are the prime factors of 12596?
2, 47, 67
List the prime factors of 11871.
3, 1319
What are the prime factors of 1500?
2, 3, 5
What are the prime factors of 1997?
1997
What are the prime factors of 180893?
37, 4889
What are the prime factors of 161041?
17, 9473
What are the prime factors of 4605?
3, 5, 307
List the prime factors of 32831.
32831
List the prime factors of 1804.
2, 11, 41
What are the prime factors of 85798?
2, 42899
What are the prime factors of 1347?
3, 449
List the prime factors of 53747.
71, 757
List the prime factors of 20297.
20297
What are the prime factors of 9594?
2, 3, 13, 41
What are the prime factors of 17814?
2, 3, 2969
List the prime factors of 46794.
2, 3, 11, 709
What are the prime factors of 70437?
3, 53, 443
List the prime factors of 305.
5, 61
List the prime factors of 215.
5, 43
List the prime factors of 2521.
2521
What are the prime factors of 4958?
2, 37, 67
What are the prime factors of 44108?
2, 11027
What are the prime factors of 1460?
2, 5, 73
List the prime factors of 14459.
19, 761
List the prime factors of 4195.
5, 839
What are the prime factors of 97614?
2, 3, 11, 17, 29
What are the prime factors of 17831?
11, 1621
List the prime factors of 11483.
11483
What are the prime factors of 106600?
2, 5, 13, 41
What are the prime factors of 26946?
2, 3, 499
What are the prime factors of 161126?
2, 7, 17, 677
What are the prime factors of 4463?
4463
List the prime factors of 34451.
47, 733
What are the prime factors of 95339?
95339
What are the prime factors of 2513?
7, 359
List the prime factors of 3046.
2, 1523
List the prime factors of 2131.
2131
What are the prime factors of 26541?
3, 983
What are the prime factors of 15491?
7, 2213
What are the prime factors of 7903?
7, 1129
List the prime factors of 2698.
2, 19, 71
List the prime factors of 5789.
7, 827
List the prime factors of 37352.
2, 7, 23, 29
What are the prime factors of 338?
2, 13
What are the prime factors of 9922?
2, 11, 41
What are the prime factors of 19613?
11, 1783
List the prime factors of 340.
2, 5, 17
List the prime factors of 48061.
13, 3697
What are the prime factors of 202?
2, 101
What are the prime factors of 6375?
3, 5, 17
List the prime factors of 13988.
2, 13, 269
What are the prime factors of 94409?
7, 13487
What are the prime factors of 1115?
5, 223
What are the prime factors of 583?
11, 53
What are the prime factors of 27774?
2, 3, 1543
List the prime factors of 125814.
2, 3, 13, 1613
W